{"id":2621,"date":"2021-12-09T13:12:36","date_gmt":"2021-12-09T20:12:36","guid":{"rendered":"http:\/\/www.illaboratoriodiserenazampini.com\/wordpress\/?page_id=2621"},"modified":"2025-05-09T07:35:50","modified_gmt":"2025-05-09T14:35:50","slug":"adulti-2","status":"publish","type":"page","link":"https:\/\/www.illaboratoriodiserenazampini.com\/wordpress\/?page_id=2621","title":{"rendered":"Adulti"},"content":{"rendered":"<p>Ti va di visitare il mio canale you tube?<\/p>\n<p><a href=\"https:\/\/www.youtube.com\/@SerenaGioiaZampini\" target=\"_blank\">https:\/\/www.youtube.com\/@SerenaGioiaZampini<\/a><\/p>\n<p><img loading=\"lazy\" decoding=\"async\" class=\"alignnone size-full wp-image-564\" src=\"https:\/\/www.illaboratoriodiserenazampini.com\/wordpress\/wp-content\/uploads\/2014\/11\/hr-600-dot1px.gif\" alt=\"hr-600-dot1px\" width=\"600\" height=\"5\" srcset=\"https:\/\/www.illaboratoriodiserenazampini.com\/wordpress\/wp-content\/uploads\/2014\/11\/hr-600-dot1px.gif 600w, https:\/\/www.illaboratoriodiserenazampini.com\/wordpress\/wp-content\/uploads\/2014\/11\/hr-600-dot1px-300x2.gif 300w\" sizes=\"auto, (max-width: 600px) 100vw, 600px\" \/><\/p>\n<p>Le sessioni per gli adulti sono:<br \/>\nSessioni individuali e di gruppo<br \/>\nSessioni per coppie<br \/>\nSessioni per coppie di genitori<br \/>\ndi<br \/>\n<strong>TangoOlistico\u00ae<\/strong> (metodo Habib, Gestalt, tangoterapia) unito all\u2019ascolto, basato sullo studio del carattere.<br \/>\n<strong>Il senso del ritmo ed il gesto teatrale-labortango<\/strong>&#8211; e <strong>Sentire l\u2019Arte<\/strong>, metodi basati sul sentire, facendo emergere naturalmente, come una sorta di maieutica, la verit\u00e0 che ogni persona ha in s\u00e9. Questo, con tecniche artistiche, proponendo suggestioni, con azioni corporee, condivisione, con l\u2019ascolto. Talvolta mettendo in scena tramite il movimento corporeo mini performance, realizzando lavori artistici improvvisati.<br \/>\nIl mio lavoro ha come finalit\u00e0 cercare di dare strumenti per migliorare il benessere personale di chi partecipa. Possono partecipare tutti, non c\u2019\u00e8 bisogno di saper danzare o altro: tutto \u00e8 finalizzato al miglioramento della relazione fra s\u00e9 e s\u00e9 e con gli altri.<br \/>\nTi invito a usufruire dei miei laboratori, in sessione individuale o coppia, in presenza o tramite i miei podcast, proprio perch\u00e9 potr\u00f2 aiutarti a trovare il modo di prenderti cura di te; e per il tuo benessere a tutto tondo.<br \/>\nA volte parlare soltanto fa emergere finte problematiche, che nascondiamo per non vedere il vero problema. Sono invece molto utili l\u2019uso della creativit\u00e0, la musica, il movimento, con le mie tecniche, unite al mio istinto e il mio sentire: posso aiutarti a non fuorviare, a non cadere in vortici a senso unico. A sbloccare insani pensieri, per poi andare libera, libero.<br \/>\nImparare a conoscersi aiuta ad individuare dove non si vuole andare, dove sentiamo che non \u00e8 buono per noi, a discernere, ad accogliere, ad osservare e attendere o ad agire, per far arrivare a noi il cambiamento. Questo lo puoi sperimentare al Laboratorio.<br \/>\nE nessuno cambia per noi. Siamo noi ad avere un atteggiamento diverso nei confronti degli altri, delle cose. Questo \u00e8 buono, \u00e8 sano, per ogni essere umano.<br \/>\nLo dobbiamo a noi stessi, \u00e8 un dovere verso la nostra integrit\u00e0 e la nostra salute psicofisica.<br \/>\nForza, proviamo a lavorarci insieme, con garbo e bellezza artistica, con gioco e leggerezza ma anche con forza e senza fronzoli; a volte posso essere <em>tranchant<\/em>, se necessario: non propongo azioni eteree, al mio Laboratorio, superficiali; con i miei metodi siamo coi piedi per terra, saldi e pronti ad affrontare tutto quel che \u201carriva\u201d, senza evadere.<br \/>\nStare nel presente, affrontare ogni giorno come fosse il primo e al contempo avere o ritrovare la progettualit\u00e0 verso il futuro, ritrovare la stima di s\u00e9.<br \/>\nNon risolvo problemi agli altri, nessuno lo pu\u00f2. Provo s\u00ec, invece, a darti strumenti affinch\u00e9 tu possa osservarti, conoscerti meglio e poi sarai tu stessa\/o a invertire situazioni non buone, a cambiare in meglio, a risolvere. A stare bene.<\/p>\n<p>Ricorda che per partecipare a tutte le attivit\u00e0 \u00e8 necessario il tesseramento AICS al costo di\u00a0<strong style=\"font-weight: bold;\"><span style=\"color: #800000;\">15 \u20ac<\/span><\/strong> a persona (validit\u00e0 un anno dal momento dell&#8217;affiliazione).<\/p>\n<p><img loading=\"lazy\" decoding=\"async\" class=\"alignnone size-full wp-image-564\" src=\"https:\/\/www.illaboratoriodiserenazampini.com\/wordpress\/wp-content\/uploads\/2014\/11\/hr-600-dot1px.gif\" alt=\"hr-600-dot1px\" width=\"600\" height=\"5\" srcset=\"https:\/\/www.illaboratoriodiserenazampini.com\/wordpress\/wp-content\/uploads\/2014\/11\/hr-600-dot1px.gif 600w, https:\/\/www.illaboratoriodiserenazampini.com\/wordpress\/wp-content\/uploads\/2014\/11\/hr-600-dot1px-300x2.gif 300w\" sizes=\"auto, (max-width: 600px) 100vw, 600px\" \/><\/p>\n<p><a title=\"Orari e tariffe\" href=\"http:\/\/www.illaboratoriodiserenazampini.com\/wordpress\/?page_id=578\">Orari &amp; tariffe<\/a><\/p>\n","protected":false},"excerpt":{"rendered":"<p>Ti va di visitare il mio canale you tube? https:\/\/www.youtube.com\/@SerenaGioiaZampini Le sessioni per gli adulti sono: Sessioni individuali e di gruppo Sessioni per coppie Sessioni per coppie di genitori di TangoOlistico\u00ae (metodo Habib, Gestalt, tangoterapia) unito all\u2019ascolto, basato sullo studio del carattere. Il senso del ritmo ed il gesto teatrale-labortango&#8211; e Sentire l\u2019Arte, metodi basati [&hellip;]<\/p>\n","protected":false},"author":1,"featured_media":0,"parent":0,"menu_order":8,"comment_status":"closed","ping_status":"closed","template":"","meta":{"footnotes":""},"class_list":["post-2621","page","type-page","status-publish","hentry"],"_links":{"self":[{"href":"https:\/\/www.illaboratoriodiserenazampini.com\/wordpress\/index.php?rest_route=\/wp\/v2\/pages\/2621","targetHints":{"allow":["GET"]}}],"collection":[{"href":"https:\/\/www.illaboratoriodiserenazampini.com\/wordpress\/index.php?rest_route=\/wp\/v2\/pages"}],"about":[{"href":"https:\/\/www.illaboratoriodiserenazampini.com\/wordpress\/index.php?rest_route=\/wp\/v2\/types\/page"}],"author":[{"embeddable":true,"href":"https:\/\/www.illaboratoriodiserenazampini.com\/wordpress\/index.php?rest_route=\/wp\/v2\/users\/1"}],"replies":[{"embeddable":true,"href":"https:\/\/www.illaboratoriodiserenazampini.com\/wordpress\/index.php?rest_route=%2Fwp%2Fv2%2Fcomments&post=2621"}],"version-history":[{"count":9,"href":"https:\/\/www.illaboratoriodiserenazampini.com\/wordpress\/index.php?rest_route=\/wp\/v2\/pages\/2621\/revisions"}],"predecessor-version":[{"id":3061,"href":"https:\/\/www.illaboratoriodiserenazampini.com\/wordpress\/index.php?rest_route=\/wp\/v2\/pages\/2621\/revisions\/3061"}],"wp:attachment":[{"href":"https:\/\/www.illaboratoriodiserenazampini.com\/wordpress\/index.php?rest_route=%2Fwp%2Fv2%2Fmedia&parent=2621"}],"curies":[{"name":"wp","href":"https:\/\/api.w.org\/{rel}","templated":true}]}}